of i?
2
Let f(z) = -z**2 + 6*z - 3. Let x be f(6). Let d = x + 0. What are the prime factors of (7/(-3))/(d/9)?
7
Suppose -5*r + 25 = -0*r. Suppose -25 = v + r*s, -7 = s - 2. Let j = 10 - v. What are the prime factors of j?
2, 5
Suppose -q - 3 = 0, 5*w + q - 2*q - 38 = 0. Let h(j) = -j**3 + 8*j**2 - 3*j - 6. List the prime factors of h(w).
2, 11
Let w be (2 - (-1 - 1))*2. What are the prime factors of w/20 + (-16)/(-10)?
2
Suppose 3 = -r + 4. Suppose -r = -3*o - 2*u, -2*o + 3*o = 2*u - 13. Let h(b) = b**2 - 1. List the prime factors of h(o).
2
Suppose b + 5 = -0*b, 1 = -4*o - b. Suppose 5*m = -o + 6. Suppose -m = 3*i - 2*s - 20, -2*s - 12 = -2*i. What are the prime factors of i?
7
Let k(y) = y**2 + y - 16. Let f(s) = 2*s**2 + 2*s - 32. Let g(x) = 6*f(x) - 11*k(x). Let c be g(0). Let o = 24 + c. What are the prime factors of o?
2
Let x = 13 - 0. List the prime factors of x.
13
Let h(p) be the first derivative of 2*p**2 - 2*p - 3. List the prime factors of h(2).
2, 3
Suppose -4*t = -0*t - 3*s - 20, 3*t = 4*s + 15. List the prime factors of t.
5
List the prime factors of 2*14 + 3/3.
29
Let p(w) = -w**3 + 8*w**2 + 11*w + 6. List the prime factors of p(9).
2, 3
Suppose -337 = -4*b + 183. List the prime factors of b.
2, 5, 13
Let b(p) = -2*p - 6. Let q be b(-5). Suppose -1 + 17 = q*r. Suppose 0 = 4*m - 5*n - 62, 2*m - r*m - n + 24 = 0. List the prime factors of m.
13
Let u be 16 - (-3 + 1 - -3). Suppose -2*i + 7 = -5. Let m = u - i. What are the prime factors of m?
3
Let w(x) be the second derivative of x**5/20 + x**4/3 + 5*x**2/2 + x. What are the prime factors of w(-4)?
5
Let b(f) = -f + 38. Let q be b(0). Let i = -24 + q. Suppose 0 = -u - u + i. List the prime factors of u.
7
Suppose -4*d + 103 = 4*z - 117, -5*d + 5*z + 295 = 0. What are the prime factors of d?
3, 19
Suppose 3*p + 36 = 3*k, 3*k - 30 = 2*p + 8. Suppose 3*n - 5*u + 13 = 0, -n + 5*u = 35 - k. What are the prime factors of (-2)/n*-4 - 0?
2
Let u = 5 - 9. Let r(c) = -c**2 - 5*c - 2. Let k be r(u). Suppose 26 = 3*q + k. List the prime factors of q.
2
Let q(y) = -y**2 + 15*y - 13. What are the prime factors of q(13)?
13
Let s(g) = -9*g - 16. Let b be s(-4). Let p = -20 + 30. Let z = b - p. List the prime factors of z.
2, 5
Let c(v) = v - 2. Let f be c(7). Let s = 0 + 4. Suppose -3*i + 26 + s = 3*q, -f*q = 4*i - 51. List the prime factors of q.
11
Suppose 0 = -7*b + 2*b. Suppose 0 = -b*j + 3*j - g - 5, j - 2*g = 0. Suppose l - j*t + 2 = -0, -4*t + 20 = 0. List the prime factors of l.
2
Suppose 5*k + 4*f - 11 = 0, 2*k + 3*f = -k + 9. What are the prime factors of (k/3)/((-3)/81)?
3
Let a(z) = -z. Let f be a(-2). Let y(o) = o**3 - o. List the prime factors of y(f).
2, 3
Let o = 3 + 4. Suppose 0 = 3*k - 3*r - 15, 5*k + r - 12 = o. List the prime factors of k.
2
Let y(d) = -d**3 + 5*d**2 - 7*d + 5. Let b be y(4). Let p = 12 + b. List the prime factors of p.
5
Suppose 2*j + 2*l - 4*l = -40, l + 30 = -j. Let t = 40 + j. What are the prime factors of t?
3, 5
Let w(b) = 2*b**2 + 3. List the prime factors of w(-4).
5, 7
Let b(i) = -i**3 - i**2 + i + 26. What are the prime factors of b(0)?
2, 13
Let a = 45 + 46. What are the prime factors of a?
7, 13
Suppose -j + 1 - 8 = 0. Let m(q) = -q - 6. Let x be m(j). Suppose u - 4 = x. List the prime factors of u.
5
Suppose -48 = -4*a - 16. Let f = a - 5. List the prime factors of f.
3
Let i = -7 - -4. What are the prime factors of i*(-1 - (-2)/(-1))?
3
Suppose 0 = -g + 3*g + 4. List the prime factors of (-3 + 51/(-6))*g.
23
Suppose 3*d = -4*t + 3, 2*t + 5*d - 5 = 3*t. Suppose 4*k = 4*c + k - 49, t = -5*c + k + 64. List the prime factors of c.
13
Let g be 1*(-5 - (5 - 3)). Let f = -6 - g. What are the prime factors of (23 - 0)*f/1?
23
Let a(w) = -3*w + 1 + 2 + 2*w**2 + 0*w. Suppose 0 = 4*f - 2*f - 4. What are the prime factors of a(f)?
5
Suppose 0 = -p + 7 - 1. Let f = -3 + p. Suppose 0*y + f = y. List the prime factors of y.
3
Let p(v) = v**3 + 7*v**2 - v + 2. Let n(l) = -2*l**3 - 14*l**2 + 2*l - 3. Let w(m) = -3*n(m) - 5*p(m). What are the prime factors of w(-7)?
2, 3
Let v be (-2 - 21/(-3)) + -1. Let b(c) = 13*c + 6. What are the prime factors of b(v)?
2, 29
Let d = 42 + -23. List the prime factors of d.
19
Let d(x) = 7*x - 1. Let q be d(3). Suppose 0*n = -2*n - q. Let a = -4 - n. List the prime factors of a.
2, 3
Let y(r) = -5*r - 26. Let z(o) = -o - 5. Let m(j) = -4*y(j) + 22*z(j). Let k(b) = -b**3 + 2*b**2 + 3*b - 4. Let i be k(3). List the prime factors of m(i).
2
Let z(b) = -b - 7. Suppose s - 2*t = -5, -3*t - 42 = 4*s - 0*t. List the prime factors of z(s).
2
Let i(d) = -d - 7. Let a be i(-9). Suppose 3*t = -t + 16. Suppose t*s = -a*k - 2, -k + 17 = -2*s - 2*s. What are the prime factors of k?
5
Let k(c) = -c - 3 + 5*c**2 + 3 + c**2. What are the prime factors of k(1)?
5
Suppose 3*q + 4 = -5. Let j(k) = k**2 + 4*k + 3. Let d be j(q). What are the prime factors of (2 - d)*1 - -2?
2
Let k be 0 - 2*(-3)/(-2). Let r be 4/(-2 + 4) - k. Let q = -2 + r. What are the prime factors of q?
3
Suppose 25 = -0*i - 5*i + 4*u, 2*i - 23 = -5*u. Let m(n) = -13*n**3 - n**2 - 2*n - 1. List the prime factors of m(i).
13
What are the prime factors of ((-392)/(-35))/((-4)/(-10))?
2, 7
Let c(b) = -3*b - 5. What are the prime factors of c(-5)?
2, 5
Suppose -5*r + 4*r + 11 = -4*b, 3 = r. Let m(s) = 5*s**2 + 2*s - 1. What are the prime factors of m(b)?
3, 5
Suppose 3*l + 36 = p + 3, -2*p + 46 = -4*l. What are the prime factors of ((-6)/l)/((-10)/(-50))?
3
Let o(a) = a**3 - 8*a**2 + 8*a + 3. Let l be o(7). Let w = l + -6. Let n = 0 + w. List the prime factors of n.
2
Let x = 24 + 11. Let m = x + 14. List the prime factors of m.
7
Suppose -4*j + 28 = -4. Let z(t) = -t**2 + 9*t + 9. What are the prime factors of z(j)?
17
Let h(u) = 1 - 20*u - 2 + 2. Let a(s) = 3*s. Let c(b) = -21*a(b) - 3*h(b). List the prime factors of c(-7).
2, 3
Suppose 0 = -c - c + j + 107, -263 = -5*c + 4*j. What are the prime factors of c?
5, 11
Suppose 0 = j - 0*j - 2. Let q(h) = -20*h. Let a be q(1). What are the prime factors of 1*a*j/(-4)?
2, 5
Let u = 48 - 145. Let b = -60 - u. List the prime factors of b.
37
Let u(q) = 14*q**2 - 4. List the prime factors of u(2).
2, 13
Let c be (-116)/(-16) - 1/4. Let s(f) = f - 3. Let b be s(c). Suppose -19 + 55 = b*l. What are the prime factors of l?
3
Let n(x) = -3*x - 1. Let g be n(-1). Let w = -16 - -10. List the prime factors of g*w*4/(-6).
2
Let y(c) be the second derivative of -c**4/12 - 5*c**3/6 + 3*c**2/2 - c. Let m(f) be the first derivative of y(f). What are the prime factors of m(-4)?
3
Let q = -1 + 3. Suppose 36 = q*w - w. Suppose 4*l - w = -4*a, 0 = -a - 3*a - l + 45. What are the prime factors of a?
2, 3
Let j = 5 + 1. Suppose -2*r + 6*r = -2*u + j, r + 21 = 2*u. List the prime factors of u.
3
Let f be 110/25 + (-6)/15. Let p = -74 + 110. Suppose -f*l + l = -p. List the prime factors of l.
2, 3
Let m = -1 - 5. Let g be (-2)/((8/m)/2). Suppose 2*v - 30 = -g*v. List the prime factors of v.
2, 3
Suppose -4*l - 115 = -5*a, 3*a - 58 = a + 4*l. List the prime factors of a + 2*4/(-8).
2, 3
Let n = 257 - -72. What are the prime factors of n?
7, 47
Let a(z) = z**3 - 15*z**2 - 19*z + 23. Let m be a(16). Let x = -12 - m. List the prime factors of x.
13
Suppose 3*h + 13 = 1, 3*p + 640 = 2*h. List the prime factors of p/(-15) - 6/15.
2, 7
Let v be (2 - (1 + -1))*2. Suppose -t + u = -u, 4*u - v = 0. List the prime factors of t.
2
Let j(l) = 15*l - 2. List the prime factors of j(1).
13
Suppose -a = 4*a - 25. Suppose 5*n + 2 - 22 = -5*f, -2*n - a*f + 11 = 0. Suppose 0 = -n*k - b + 42, 0*b + 4 = k - 3*b. What are the prime factors of k?
13
Suppose 5*h = 6*h + 4. Let k(z) = 2*z**2 - 1. List the prime factors of k(h).
31
Let j(o) = 6*o + 8. List the prime factors of j(5).
2, 19
Let b(s) be the first derivative of 1 + 12*s + 0*s**2 - 1/3*s**3. What are the prime factors of b(0)?
2, 3
Let z be (-99)/(-27) - (-2)/(-3). Suppose 3*v - z = 4*x, x + 4*x + 2*v = 2. Let b(k) = -k + 8. What are the prime factors of b(x)?
2
Suppose -v + 17 - 2 = 0. Suppose -5*n + v + 10 = 0. List the prime factors of n.
5
Let u(c) = -3*c**3 - 4*c**2 + 9*c. Let v(h) = -2*h**3 - 4*h**2 + 8*h. Let d(o) = -5*u(o) + 6*v(o). Let j be d(2). List the prime factors of (40/14)/(4/j).
2, 5
Suppose 0 = -